

{"id":190,"date":"2018-12-06T21:01:25","date_gmt":"2018-12-06T20:01:25","guid":{"rendered":"http:\/\/peleciarnia.pl\/?page_id=190"},"modified":"2018-12-06T21:03:40","modified_gmt":"2018-12-06T20:03:40","slug":"palnik-na-pellet-viking-bio-200","status":"publish","type":"page","link":"http:\/\/peleciarnia.pl\/index.php\/palniki\/palnik-na-pellet-viking-bio-200\/","title":{"rendered":"Palnik na pellet Viking BIO 200"},"content":{"rendered":"\t\t<div data-elementor-type=\"wp-post\" data-elementor-id=\"190\" class=\"elementor elementor-190 elementor-bc-flex-widget\" data-elementor-settings=\"[]\">\n\t\t\t\t\t\t<div class=\"elementor-inner\">\n\t\t\t\t\t\t\t<div class=\"elementor-section-wrap\">\n\t\t\t\t\t\t\t<section class=\"elementor-section elementor-top-section elementor-element elementor-element-79c9c11e elementor-section-stretched elementor-section-content-middle animated-slow elementor-section-boxed elementor-section-height-default elementor-section-height-default elementor-invisible\" data-id=\"79c9c11e\" data-element_type=\"section\" data-settings=\"{&quot;stretch_section&quot;:&quot;section-stretched&quot;,&quot;animation&quot;:&quot;fadeIn&quot;}\">\n\t\t\t\t\t\t<div class=\"elementor-container elementor-column-gap-default\">\n\t\t\t\t\t\t\t<div class=\"elementor-row\">\n\t\t\t\t\t<div class=\"elementor-column elementor-col-50 elementor-top-column elementor-element elementor-element-13f5c8e0\" data-id=\"13f5c8e0\" data-element_type=\"column\">\n\t\t\t<div class=\"elementor-column-wrap elementor-element-populated\">\n\t\t\t\t\t\t\t<div class=\"elementor-widget-wrap\">\n\t\t\t\t\t\t<div class=\"elementor-element elementor-element-2aebbc22 elementor-widget elementor-widget-heading\" data-id=\"2aebbc22\" data-element_type=\"widget\" data-widget_type=\"heading.default\">\n\t\t\t\t<div class=\"elementor-widget-container\">\n\t\t\t<h2 class=\"elementor-heading-title elementor-size-default\">Unikalny palnik VIKING BIO 20<\/h2>\t\t<\/div>\n\t\t\t\t<\/div>\n\t\t\t\t\t\t<\/div>\n\t\t\t\t\t<\/div>\n\t\t<\/div>\n\t\t\t\t<div class=\"elementor-column elementor-col-50 elementor-top-column elementor-element elementor-element-4e15d36a\" data-id=\"4e15d36a\" data-element_type=\"column\">\n\t\t\t<div class=\"elementor-column-wrap elementor-element-populated\">\n\t\t\t\t\t\t\t<div class=\"elementor-widget-wrap\">\n\t\t\t\t\t\t<div class=\"elementor-element elementor-element-66fb35f3 elementor-widget elementor-widget-image\" data-id=\"66fb35f3\" data-element_type=\"widget\" data-widget_type=\"image.default\">\n\t\t\t\t<div class=\"elementor-widget-container\">\n\t\t\t\t\t\t\t\t<div class=\"elementor-image\">\n\t\t\t\t\t\t\t\t\t\t\t\t<img width=\"310\" height=\"60\" src=\"http:\/\/peleciarnia.pl\/wp-content\/uploads\/2018\/12\/logo-viking-bio.png\" class=\"attachment-full size-full\" alt=\"\" loading=\"lazy\" srcset=\"http:\/\/peleciarnia.pl\/wp-content\/uploads\/2018\/12\/logo-viking-bio.png 310w, http:\/\/peleciarnia.pl\/wp-content\/uploads\/2018\/12\/logo-viking-bio-300x58.png 300w\" sizes=\"(max-width: 310px) 100vw, 310px\" \/>\t\t\t\t\t\t\t\t\t\t\t\t\t\t<\/div>\n\t\t\t\t\t\t<\/div>\n\t\t\t\t<\/div>\n\t\t\t\t\t\t<\/div>\n\t\t\t\t\t<\/div>\n\t\t<\/div>\n\t\t\t\t\t\t\t\t<\/div>\n\t\t\t\t\t<\/div>\n\t\t<\/section>\n\t\t\t\t<section class=\"elementor-section elementor-top-section elementor-element elementor-element-570bec2 elementor-section-stretched animated-slow elementor-section-boxed elementor-section-height-default elementor-section-height-default elementor-invisible\" data-id=\"570bec2\" data-element_type=\"section\" data-settings=\"{&quot;stretch_section&quot;:&quot;section-stretched&quot;,&quot;animation&quot;:&quot;fadeIn&quot;,&quot;animation_delay&quot;:300}\">\n\t\t\t\t\t\t<div class=\"elementor-container elementor-column-gap-default\">\n\t\t\t\t\t\t\t<div class=\"elementor-row\">\n\t\t\t\t\t<div class=\"elementor-column elementor-col-66 elementor-top-column elementor-element elementor-element-3181da61\" data-id=\"3181da61\" data-element_type=\"column\">\n\t\t\t<div class=\"elementor-column-wrap elementor-element-populated\">\n\t\t\t\t\t\t\t<div class=\"elementor-widget-wrap\">\n\t\t\t\t\t\t<div class=\"elementor-element elementor-element-95c9462 elementor-widget elementor-widget-heading\" data-id=\"95c9462\" data-element_type=\"widget\" data-widget_type=\"heading.default\">\n\t\t\t\t<div class=\"elementor-widget-container\">\n\t\t\t<h3 class=\"elementor-heading-title elementor-size-default\">Dedykowany dla wi\u0119kszych obiekt\u00f3w palnik pelletowy z rodziny palnik\u00f3w VIKING BIO<\/h3>\t\t<\/div>\n\t\t\t\t<\/div>\n\t\t\t\t<div class=\"elementor-element elementor-element-1666cc99 elementor-widget elementor-widget-text-editor\" data-id=\"1666cc99\" data-element_type=\"widget\" data-widget_type=\"text-editor.default\">\n\t\t\t\t<div class=\"elementor-widget-container\">\n\t\t\t\t\t\t\t\t<div class=\"elementor-text-editor elementor-clearfix\">\n\t\t\t\t<p>Zyska\u0142 popularno\u015b\u0107 dzi\u0119ki wysokiej jako\u015bci u\u017cytych materia\u0142\u00f3w i nie spotykanej u innych producent\u00f3w trwa\u0142o\u015bci i niezmienno\u015bci dopracowanej dzi\u0119ki wieloletnim pracom badawczym konstrukcji.<\/p><p>Automatyka palnika VIKING BIO czuwa nad tworzenia optymalnej mieszanki paliwowo-powietrznej i utrzymaniem prawid\u0142owych parametr\u00f3w spalania. Dzi\u0119ki temu palniki VIKING BIO mo\u017cna instalowa\u0107 nawet w kot\u0142ach olejowo-gazowych. Palnik Viking BIO 20 komunikuje si\u0119 z automatyk\u0105 kot\u0142\u00f3w olejowo-gazowych za pomoc\u0105 typowego gniazda stosowanego w palnikach olejowych lub gazowych.<\/p><p>Perfekcja konstrukcji VIKING BIO 20 sprawia, \u017ce mo\u017cna je r\u00f3wnie\u017c stosowa\u0107 w skomplikowanych uk\u0142adach hybrydowych z innymi \u017ar\u00f3d\u0142ami energii odnawialnej takimi jak: pompy ciep\u0142a, fotowoltaika czy kolektory solarne.<\/p>\t\t\t\t\t<\/div>\n\t\t\t\t\t\t<\/div>\n\t\t\t\t<\/div>\n\t\t\t\t<section class=\"elementor-section elementor-inner-section elementor-element elementor-element-247050af elementor-section-boxed elementor-section-height-default elementor-section-height-default\" data-id=\"247050af\" data-element_type=\"section\">\n\t\t\t\t\t\t<div class=\"elementor-container elementor-column-gap-default\">\n\t\t\t\t\t\t\t<div class=\"elementor-row\">\n\t\t\t\t\t<div class=\"elementor-column elementor-col-50 elementor-inner-column elementor-element elementor-element-6e778f23\" data-id=\"6e778f23\" data-element_type=\"column\">\n\t\t\t<div class=\"elementor-column-wrap elementor-element-populated\">\n\t\t\t\t\t\t\t<div class=\"elementor-widget-wrap\">\n\t\t\t\t\t\t<div class=\"elementor-element elementor-element-3ed2a6d2 elementor-button-info elementor-widget elementor-widget-button\" data-id=\"3ed2a6d2\" data-element_type=\"widget\" data-widget_type=\"button.default\">\n\t\t\t\t<div class=\"elementor-widget-container\">\n\t\t\t\t\t<div class=\"elementor-button-wrapper\">\n\t\t\t<a href=\"http:\/\/peleciarnia.pl\/index.php\/cennik\/\" class=\"elementor-button-link elementor-button elementor-size-sm\" role=\"button\">\n\t\t\t\t\t\t<span class=\"elementor-button-content-wrapper\">\n\t\t\t\t\t\t<span class=\"elementor-button-icon elementor-align-icon-left\">\n\t\t\t\t\t\t\t\t\t<i class=\"fa fa-angle-double-right\" aria-hidden=\"true\"><\/i>\n\t\t\t\t\t\t\t<\/span>\n\t\t\t\t\t\t<span class=\"elementor-button-text\">Zobacz cennik palnik\u00f3w peletowych<\/span>\n\t\t<\/span>\n\t\t\t\t\t<\/a>\n\t\t<\/div>\n\t\t\t\t<\/div>\n\t\t\t\t<\/div>\n\t\t\t\t\t\t<\/div>\n\t\t\t\t\t<\/div>\n\t\t<\/div>\n\t\t\t\t<div class=\"elementor-column elementor-col-50 elementor-inner-column elementor-element elementor-element-5f34af4e\" data-id=\"5f34af4e\" data-element_type=\"column\">\n\t\t\t<div class=\"elementor-column-wrap elementor-element-populated\">\n\t\t\t\t\t\t\t<div class=\"elementor-widget-wrap\">\n\t\t\t\t\t\t<div class=\"elementor-element elementor-element-f4d806e elementor-button-success elementor-widget elementor-widget-button\" data-id=\"f4d806e\" data-element_type=\"widget\" data-widget_type=\"button.default\">\n\t\t\t\t<div class=\"elementor-widget-container\">\n\t\t\t\t\t<div class=\"elementor-button-wrapper\">\n\t\t\t<a href=\"http:\/\/peleciarnia.pl\/index.php\/kontakt\/\" class=\"elementor-button-link elementor-button elementor-size-sm\" role=\"button\">\n\t\t\t\t\t\t<span class=\"elementor-button-content-wrapper\">\n\t\t\t\t\t\t<span class=\"elementor-button-text\">Zam\u00f3w palnik teraz<\/span>\n\t\t<\/span>\n\t\t\t\t\t<\/a>\n\t\t<\/div>\n\t\t\t\t<\/div>\n\t\t\t\t<\/div>\n\t\t\t\t\t\t<\/div>\n\t\t\t\t\t<\/div>\n\t\t<\/div>\n\t\t\t\t\t\t\t\t<\/div>\n\t\t\t\t\t<\/div>\n\t\t<\/section>\n\t\t\t\t\t\t<\/div>\n\t\t\t\t\t<\/div>\n\t\t<\/div>\n\t\t\t\t<div class=\"elementor-column elementor-col-33 elementor-top-column elementor-element elementor-element-2e75a046\" data-id=\"2e75a046\" data-element_type=\"column\">\n\t\t\t<div class=\"elementor-column-wrap elementor-element-populated\">\n\t\t\t\t\t\t\t<div class=\"elementor-widget-wrap\">\n\t\t\t\t\t\t<div class=\"elementor-element elementor-element-5b401cb6 elementor-widget elementor-widget-image\" data-id=\"5b401cb6\" data-element_type=\"widget\" data-widget_type=\"image.default\">\n\t\t\t\t<div class=\"elementor-widget-container\">\n\t\t\t\t\t\t\t\t<div class=\"elementor-image\">\n\t\t\t\t\t\t\t\t\t\t\t\t<img width=\"320\" height=\"500\" src=\"http:\/\/peleciarnia.pl\/wp-content\/uploads\/2018\/12\/palnik-na-pelet_viking-bio200.jpg\" class=\"attachment-full size-full\" alt=\"\" loading=\"lazy\" srcset=\"http:\/\/peleciarnia.pl\/wp-content\/uploads\/2018\/12\/palnik-na-pelet_viking-bio200.jpg 320w, http:\/\/peleciarnia.pl\/wp-content\/uploads\/2018\/12\/palnik-na-pelet_viking-bio200-192x300.jpg 192w\" sizes=\"(max-width: 320px) 100vw, 320px\" \/>\t\t\t\t\t\t\t\t\t\t\t\t\t\t<\/div>\n\t\t\t\t\t\t<\/div>\n\t\t\t\t<\/div>\n\t\t\t\t\t\t<\/div>\n\t\t\t\t\t<\/div>\n\t\t<\/div>\n\t\t\t\t\t\t\t\t<\/div>\n\t\t\t\t\t<\/div>\n\t\t<\/section>\n\t\t\t\t<section class=\"elementor-section elementor-top-section elementor-element elementor-element-7033b9e8 elementor-section-stretched animated-slow elementor-section-boxed elementor-section-height-default elementor-section-height-default elementor-invisible\" data-id=\"7033b9e8\" data-element_type=\"section\" data-settings=\"{&quot;stretch_section&quot;:&quot;section-stretched&quot;,&quot;animation&quot;:&quot;fadeIn&quot;}\">\n\t\t\t\t\t\t<div class=\"elementor-container elementor-column-gap-default\">\n\t\t\t\t\t\t\t<div class=\"elementor-row\">\n\t\t\t\t\t<div class=\"elementor-column elementor-col-100 elementor-top-column elementor-element elementor-element-335c4b54\" data-id=\"335c4b54\" data-element_type=\"column\">\n\t\t\t<div class=\"elementor-column-wrap elementor-element-populated\">\n\t\t\t\t\t\t\t<div class=\"elementor-widget-wrap\">\n\t\t\t\t\t\t<div class=\"elementor-element elementor-element-3e827d43 elementor-widget elementor-widget-text-editor\" data-id=\"3e827d43\" data-element_type=\"widget\" data-widget_type=\"text-editor.default\">\n\t\t\t\t<div class=\"elementor-widget-container\">\n\t\t\t\t\t\t\t\t<div class=\"elementor-text-editor elementor-clearfix\">\n\t\t\t\t<table class=\"zebra\" border=\"0\" width=\"95%\" align=\"center\"><thead><tr><th>SPECYFIKACJA<\/th><th>VIKING BIO 20<\/th><th>VIKING BIO 35<\/th><th>VIKING BIO 200<\/th><\/tr><\/thead><tbody><tr><td>Moc<\/td><td>20 kW<\/td><td>35 kW<\/td><td>22 kW<\/td><\/tr><tr><td>Zgazowanie pellet<\/td><td>\u221a<\/td><td>\u221a<\/td><td>\u221a<\/td><\/tr><tr><td>Przedmuch czyszcz\u0105cy<\/td><td>\u221a<\/td><td>\u221a<\/td><td>\u221a<\/td><\/tr><tr><td>Walce czyszcz\u0105ce<\/td><td>\u221a<\/td><td>\u221a<\/td><td>\u221a<\/td><\/tr><tr><td>Przystosowany do monta\u017cu w kotle olejowo-gazowym<\/td><td>\u221a<\/td><td>\u221a<\/td><td>\u221a<\/td><\/tr><tr><td>Sterowanie automatyk\u0105 kot\u0142a<\/td><td>\u221a<\/td><td>\u221a<\/td><td>\u221a<\/td><\/tr><tr><td>Gniazdo 7-pin<\/td><td>\u221a<\/td><td>\u221a<\/td><td>\u221a<\/td><\/tr><tr><td>Modulacja mocy<\/td><td>\u221a<\/td><td>\u221a<\/td><td>\u221a<\/td><\/tr><tr><td>Dedykowany do wi\u0119kszych obiekt\u00f3w<\/td><td>\u00a0<\/td><td>\u221a<\/td><td>\u00a0<\/td><\/tr><tr><td>System odpopielania dla s\u0142abej jako\u015bci peletu<\/td><td>\u00a0<\/td><td>\u00a0<\/td><td>\u221a<\/td><\/tr><tr><td>Funkcja dostosowania systemu odpopielania<\/td><td>\u00a0<\/td><td>\u00a0<\/td><td>\u221a<\/td><\/tr><tr><td>Dotykowy ekran wyboru funkcji<\/td><td>\u00a0<\/td><td>\u00a0<\/td><td>\u221a<\/td><\/tr><\/tbody><\/table>\t\t\t\t\t<\/div>\n\t\t\t\t\t\t<\/div>\n\t\t\t\t<\/div>\n\t\t\t\t\t\t<\/div>\n\t\t\t\t\t<\/div>\n\t\t<\/div>\n\t\t\t\t\t\t\t\t<\/div>\n\t\t\t\t\t<\/div>\n\t\t<\/section>\n\t\t\t\t\t\t<\/div>\n\t\t\t\t\t\t<\/div>\n\t\t\t\t\t<\/div>\n\t\t","protected":false},"excerpt":{"rendered":"<p>Unikalny palnik VIKING BIO 20 Dedykowany dla wi\u0119kszych obiekt\u00f3w palnik pelletowy z rodziny palnik\u00f3w VIKING BIO Zyska\u0142 popularno\u015b\u0107 dzi\u0119ki wysokiej jako\u015bci u\u017cytych materia\u0142\u00f3w i nie spotykanej u innych producent\u00f3w trwa\u0142o\u015bci i niezmienno\u015bci dopracowanej dzi\u0119ki wieloletnim pracom badawczym konstrukcji. Automatyka palnika VIKING BIO czuwa nad tworzenia optymalnej mieszanki paliwowo-powietrznej i utrzymaniem prawid\u0142owych parametr\u00f3w spalania. Dzi\u0119ki temu &hellip;<\/p>\n<p class=\"read-more\"> <a class=\"\" href=\"http:\/\/peleciarnia.pl\/index.php\/palniki\/palnik-na-pellet-viking-bio-200\/\"> <span class=\"screen-reader-text\">Palnik na pellet Viking BIO 200<\/span> Read More &raquo;<\/a><\/p>\n","protected":false},"author":1,"featured_media":0,"parent":29,"menu_order":0,"comment_status":"closed","ping_status":"closed","template":"","meta":[],"aioseo_notices":[],"_links":{"self":[{"href":"http:\/\/peleciarnia.pl\/index.php\/wp-json\/wp\/v2\/pages\/190"}],"collection":[{"href":"http:\/\/peleciarnia.pl\/index.php\/wp-json\/wp\/v2\/pages"}],"about":[{"href":"http:\/\/peleciarnia.pl\/index.php\/wp-json\/wp\/v2\/types\/page"}],"author":[{"embeddable":true,"href":"http:\/\/peleciarnia.pl\/index.php\/wp-json\/wp\/v2\/users\/1"}],"replies":[{"embeddable":true,"href":"http:\/\/peleciarnia.pl\/index.php\/wp-json\/wp\/v2\/comments?post=190"}],"version-history":[{"count":4,"href":"http:\/\/peleciarnia.pl\/index.php\/wp-json\/wp\/v2\/pages\/190\/revisions"}],"predecessor-version":[{"id":194,"href":"http:\/\/peleciarnia.pl\/index.php\/wp-json\/wp\/v2\/pages\/190\/revisions\/194"}],"up":[{"embeddable":true,"href":"http:\/\/peleciarnia.pl\/index.php\/wp-json\/wp\/v2\/pages\/29"}],"wp:attachment":[{"href":"http:\/\/peleciarnia.pl\/index.php\/wp-json\/wp\/v2\/media?parent=190"}],"curies":[{"name":"wp","href":"https:\/\/api.w.org\/{rel}","templated":true}]}}